{"id":1167,"date":"2024-10-24T22:45:25","date_gmt":"2024-10-24T22:45:25","guid":{"rendered":"https:\/\/ascofafi.com\/?page_id=1167"},"modified":"2025-07-08T22:56:06","modified_gmt":"2025-07-08T22:56:06","slug":"directorio-publico-miembros-institucionales","status":"publish","type":"page","link":"https:\/\/ascofafi.com\/?page_id=1167","title":{"rendered":"Directorio p\u00fablico miembros institucionales"},"content":{"rendered":"\t\t<div data-elementor-type=\"wp-page\" data-elementor-id=\"1167\" class=\"elementor elementor-1167\">\n\t\t\t\t\t\t<section class=\"elementor-section elementor-top-section elementor-element elementor-element-c4edb28 elementor-section-boxed elementor-section-height-default elementor-section-height-default\" data-id=\"c4edb28\" data-element_type=\"section\" data-e-type=\"section\">\n\t\t\t\t\t\t<div class=\"elementor-container elementor-column-gap-default\">\n\t\t\t\t\t<div class=\"elementor-column elementor-col-100 elementor-top-column elementor-element elementor-element-ba76a8e\" data-id=\"ba76a8e\" data-element_type=\"column\" data-e-type=\"column\">\n\t\t\t<div class=\"elementor-widget-wrap elementor-element-populated\">\n\t\t\t\t\t\t<div class=\"elementor-element elementor-element-e4ec5f0 elementor-widget elementor-widget-text-editor\" data-id=\"e4ec5f0\" data-element_type=\"widget\" data-e-type=\"widget\" data-widget_type=\"text-editor.default\">\n\t\t\t\t<div class=\"elementor-widget-container\">\n\t\t\t\t\t\t\t\t\t<h4>Directorio P\u00fablico Asociaci\u00f3n Colombiana de Facultades de Fisioterapia- ASCOFAFI Programas de Fisioterapia Asociados*<\/h4>\t\t\t\t\t\t\t\t<\/div>\n\t\t\t\t<\/div>\n\t\t\t\t\t<\/div>\n\t\t<\/div>\n\t\t\t\t\t<\/div>\n\t\t<\/section>\n\t\t\t\t<section class=\"elementor-section elementor-top-section elementor-element elementor-element-c78bf74 elementor-section-boxed elementor-section-height-default elementor-section-height-default\" data-id=\"c78bf74\" data-element_type=\"section\" data-e-type=\"section\">\n\t\t\t\t\t\t<div class=\"elementor-container elementor-column-gap-default\">\n\t\t\t\t\t<div class=\"elementor-column elementor-col-100 elementor-top-column elementor-element elementor-element-13001bc\" data-id=\"13001bc\" data-element_type=\"column\" data-e-type=\"column\">\n\t\t\t<div class=\"elementor-widget-wrap elementor-element-populated\">\n\t\t\t\t\t\t<div class=\"elementor-element elementor-element-0a6e9d8 elementor-widget elementor-widget-text-editor\" data-id=\"0a6e9d8\" data-element_type=\"widget\" data-e-type=\"widget\" data-widget_type=\"text-editor.default\">\n\t\t\t\t<div class=\"elementor-widget-container\">\n\t\t\t\t\t\t\t\t\t<table width=\"1530\"><tbody><tr><td width=\"135\"><span style=\"color: #339966;\"><strong>Nodo al que pertenece<\/strong><\/span><\/td><td width=\"378\"><span style=\"color: #339966;\"><strong>Instituci\u00f3n a la que pertenece<\/strong><\/span><\/td><td width=\"221\"><span style=\"color: #339966;\"><strong>Nombres y apellidos\u00a0<\/strong><\/span><\/td><td width=\"289\"><span style=\"color: #339966;\"><strong>Cargo que ejerce en la instituci\u00f3n<\/strong><\/span><\/td><td width=\"195\"><span style=\"color: #339966;\"><strong>Rol ante ASCOFAFI\u00a0<\/strong><\/span><\/td><td width=\"172\"><span style=\"color: #339966;\"><strong>Correo electr\u00f3nico institucional de contacto<\/strong><\/span><\/td><td width=\"140\"><span style=\"color: #339966;\"><strong>N\u00famero tel\u00e9fono institucional de contacto\u00a0<\/strong><\/span><\/td><\/tr><tr><td>Cafetero<\/td><td>UNIVERSIDAD CES MEDELL\u00cdN<\/td><td>Sandra Milena Hincapie Garavi\u00f1o\u00a0<\/td><td>Decana Facultad de Fisioterpia\u00a0<\/td><td>Coordinador de Nodo Cafetero<\/td><td>shincapie@ces.edu.co\u00a0<\/td><td>44405555 ext 1628<\/td><\/tr><tr><td>Cafetero<\/td><td>FUNDACI\u00d3N UNIVERSITARIA DEL \u00c1REA ANDINA<\/td><td>Leidy Maritza Obando Ante<\/td><td>Directora de programa<\/td><td>Presidenta Junta Directiva<\/td><td>lobando13@areandina.edu.co<\/td><td>\u00a0<\/td><\/tr><tr><td>Caribe<\/td><td>UNIVERSIDAD SIM\u00d3N BOL\u00cdVAR-BARRANQUILLA<\/td><td>Erika Patricia Palacio Dur\u00e1n\u00a0<\/td><td>Directora de Programa\u00a0<\/td><td>Secretaria Junta Directiva\u00a0<\/td><td>erika.palacio@unisimon.edu.co<\/td><td>\u00a0<\/td><\/tr><tr><td>Caribe<\/td><td>UNIVERSIDAD LIBRE<\/td><td>Leslie Piedad Montealegre Esmeral<\/td><td>Directora del programa\u00a0<\/td><td>Asociado<\/td><td>Lesliep.montealegree@unilibre.edu.co<\/td><td>+57 (317) 641-5157<\/td><\/tr><tr><td>Caribe<\/td><td>UNIVERSIDAD METROPOLITANA<\/td><td>Ana Isabel Caro Freile<\/td><td>Director de programa\u00a0<\/td><td>Tesorero Junta Directiva<\/td><td>Ana.caro@unimetro.edu.co<\/td><td>\u00a0<\/td><\/tr><tr><td>Caribe<\/td><td>UNIVERSIDAD SAN BUENAVENTURA SECCIONAL CARTAGENA<\/td><td>Patricia Echavez Rodriguez<\/td><td>Directora de Programa<\/td><td>Asociado<\/td><td>pechavez@usbctg.edu.co<\/td><td>\u00a0<\/td><\/tr><tr><td>Caribe<\/td><td>UNIVERSIDAD DE SANTANDER UDES &#8211; VALLEDUPAR<\/td><td>Yaneth del Socorro Orozco Mu\u00f1oz\u00a0<\/td><td>Directora\u00a0 del programa de fisioterapia\u00a0<\/td><td>Asociado<\/td><td>Dir.fisioterapia@valledupar.udes.edu.co<\/td><td>\u00a0<\/td><\/tr><tr><td>Centro<\/td><td>FUNDACI\u00d3N UNIVERSITARIA DE CIENCIAS DE LA SALUD- FUCS<\/td><td>Jorge Enrique Moreno Collazos<\/td><td>Decano Facultad De Ciencias Del Movimiento<\/td><td>Asociado<\/td><td>jemoreno1@fucsalud.edu.co<\/td><td>\u00a0<\/td><\/tr><tr><td>Centro<\/td><td>ESCUELA COLOMBIANA DE REHABILITACI\u00d3N<\/td><td>Sandra Milena Garay Contreras<\/td><td>Coordinadora Acd\u00e9mica del Programa de Fisioterapia<\/td><td>Coordinadora Nodo Centro<\/td><td>sandra.garay@ecr.edu.co<\/td><td>\u00a0<\/td><\/tr><tr><td>Centro<\/td><td>UNIVERSIDAD DE BOYAC\u00c1<\/td><td>Aura Cristina Quino \u00c1vila<\/td><td>Directora de Programa<\/td><td>Fiscal de Junta Directiva<\/td><td>fisioterapia@uniboyaca.edu.co\u00a0<\/td><td>\u00a0<\/td><\/tr><tr><td>Centro<\/td><td>UNIVERSIDAD DE LOS LLANOS<\/td><td>Margarita Portilla D\u00edaz<\/td><td>Director de programa<\/td><td>Asociado<\/td><td>programa_fisioterapia@unillanos.edu.co<\/td><td>6086611623<\/td><\/tr><tr><td>Centro<\/td><td>UNIVERSIDAD DEL ROSARIO<\/td><td>Ingrid A Tolosa Guzm\u00e1n<\/td><td>Director Programa de Fisioterapia<\/td><td>Asociado<\/td><td>ingrid.tolosa@urosario.edu.co<\/td><td>\u00a0<\/td><\/tr><tr><td>Centro<\/td><td>UNIVERSIDAD DE LA SABANA<\/td><td>Leydy Karina Soche Monsalve<\/td><td>Direcci\u00f3n de programa<\/td><td>Secretaria Nodo Centro<\/td><td>Leydy.soche@unisabana.edu.co<\/td><td>\u00a0<\/td><\/tr><tr><td>Nororiental<\/td><td>UNIVERSIDAD DE SANTANDER UDES-BUCARAMANGA<\/td><td>Martha Liliana Hijuelos C\u00e1rdenas<\/td><td width=\"289\">Vicedecana Facultad Ciencias Medicas y salud\/Directora de Fisioterapia<\/td><td>Asociado<\/td><td>mhijuelos@udes.edu.co<\/td><td>6516500 Ext 1406\/1407<\/td><\/tr><tr><td>Nororiental<\/td><td>UNIVERSIDAD DE SANTANDER UDES-C\u00daCUTA<\/td><td>Gloria Cecilia Carrascal J\u00e1come<\/td><td>Director de Programa<\/td><td>Asociado<\/td><td>gcarrascal@cucuta.udes.edu.co<\/td><td>\u00a0<\/td><\/tr><tr><td>Nororiental<\/td><td>UNIVERSIDAD INDUSTRIAL DE SANTANDER<\/td><td>Mar\u00eda Solange Pati\u00f1o Segura<\/td><td>Directora Escuela de Fisioterapia<\/td><td>Coordinadora Nodo Nororiental<\/td><td>marsola@uis.edu.co<\/td><td>607-6344000 extensi\u00f3n 3147<\/td><\/tr><tr><td>Nororiental<\/td><td>UNIVERSIDAD MANUELA BELTR\u00c1N -BUCARAMANGA<\/td><td>Paola Gonz\u00e1lez Sanabria<\/td><td>Coordinadora del Programa de Fisioterapia<\/td><td>Asociado<\/td><td>fisioterapia.bga@umb.edu.co<\/td><td>\u00a0<\/td><\/tr><tr><td>Nororiental<\/td><td>UNIVERSIDAD SIM\u00d3N BOL\u00cdVAR-C\u00daCUTA<\/td><td>Francia Milena Almanza Caro<\/td><td>Directora del programa\u00a0<\/td><td>Asociado<\/td><td>direccion.fisioterapiacuc@unisimon.edu.co<\/td><td>(607) 5827070 Ext. 190<\/td><\/tr><tr><td>Suroccidente<\/td><td>UNIVERSIDAD DEL CAUCA<\/td><td>Omar Andr\u00e9s Ramos Valencia<\/td><td>Director de Programa<\/td><td>Secretario Nodo Suroccidente<\/td><td>omaramos@unicauca.edu.co<\/td><td>6028239900<\/td><\/tr><tr><td>Suroccidente<\/td><td>INSTITUCI\u00d3N UNIVERSITARIA ESCUELA NACIONAL DEL DEPORTE<\/td><td>Jhonatan Betancourt Pe\u00f1a<\/td><td>Decano Facultad de Salud y Rehabilitaci\u00f3n\u00a0<\/td><td>Asociado<\/td><td>facsalud@endeporte.edu.co<\/td><td>\u00a0<\/td><\/tr><tr><td>Suroccidente<\/td><td>INSTITUCI\u00d3N UNIVERSITARIA ESCUELA NACIONAL DEL DEPORTE<\/td><td>Isabel Cristina Selada Aguirre\u00a0<\/td><td>Coordinadora del Programa de Fisioterapia<\/td><td>Asociado<\/td><td>fisioterapia@endeporte.edu.co<\/td><td>5540404 Ext.127<\/td><\/tr><tr><td>Suroccidente<\/td><td>UNIVERSIDAD MARIANA<\/td><td>Rosa Helena Eraso Angulo<\/td><td>Director de programa<\/td><td>Coordinadora Nodo Suroccidente<\/td><td>reraso@umariana.edu.co<\/td><td>\u00a0<\/td><\/tr><\/tbody><\/table>\t\t\t\t\t\t\t\t<\/div>\n\t\t\t\t<\/div>\n\t\t\t\t\t<\/div>\n\t\t<\/div>\n\t\t\t\t\t<\/div>\n\t\t<\/section>\n\t\t\t\t<section class=\"elementor-section elementor-top-section elementor-element elementor-element-fbb049c elementor-section-boxed elementor-section-height-default elementor-section-height-default\" data-id=\"fbb049c\" data-element_type=\"section\" data-e-type=\"section\">\n\t\t\t\t\t\t<div class=\"elementor-container elementor-column-gap-default\">\n\t\t\t\t\t<div class=\"elementor-column elementor-col-100 elementor-top-column elementor-element elementor-element-e77b8bf\" data-id=\"e77b8bf\" data-element_type=\"column\" data-e-type=\"column\">\n\t\t\t<div class=\"elementor-widget-wrap elementor-element-populated\">\n\t\t\t\t\t\t<div class=\"elementor-element elementor-element-2775e1d elementor-widget elementor-widget-text-editor\" data-id=\"2775e1d\" data-element_type=\"widget\" data-e-type=\"widget\" data-widget_type=\"text-editor.default\">\n\t\t\t\t<div class=\"elementor-widget-container\">\n\t\t\t\t\t\t\t\t\t<p><em>*De conformidad con la Ley 1581 de 2012 y la pol\u00edtica de Datos de ASCOFAFI, se publica la presente informaci\u00f3n con la autorizaci\u00f3n expresa de los docentes y Programas Asociados.<\/em><\/p>\t\t\t\t\t\t\t\t<\/div>\n\t\t\t\t<\/div>\n\t\t\t\t\t<\/div>\n\t\t<\/div>\n\t\t\t\t\t<\/div>\n\t\t<\/section>\n\t\t\t\t<\/div>\n\t\t","protected":false},"excerpt":{"rendered":"<p>Directorio P\u00fablico Asociaci\u00f3n Colombiana de Facultades de Fisioterapia- ASCOFAFI Programas de Fisioterapia Asociados* Nodo al que pertenece Instituci\u00f3n a la que pertenece Nombres y apellidos\u00a0 Cargo que ejerce en la instituci\u00f3n Rol ante ASCOFAFI\u00a0 Correo electr\u00f3nico institucional de contacto N\u00famero tel\u00e9fono institucional de contacto\u00a0 Cafetero UNIVERSIDAD CES MEDELL\u00cdN Sandra Milena Hincapie Garavi\u00f1o\u00a0 Decana Facultad de [&hellip;]<\/p>\n","protected":false},"author":1,"featured_media":0,"parent":279,"menu_order":0,"comment_status":"closed","ping_status":"closed","template":"","meta":{"om_disable_all_campaigns":false,"_monsterinsights_skip_tracking":false,"_monsterinsights_sitenote_active":false,"_monsterinsights_sitenote_note":"","_monsterinsights_sitenote_category":0,"footnotes":""},"class_list":["post-1167","page","type-page","status-publish","hentry","wpbf-post"],"aioseo_notices":[],"_links":{"self":[{"href":"https:\/\/ascofafi.com\/index.php?rest_route=\/wp\/v2\/pages\/1167","targetHints":{"allow":["GET"]}}],"collection":[{"href":"https:\/\/ascofafi.com\/index.php?rest_route=\/wp\/v2\/pages"}],"about":[{"href":"https:\/\/ascofafi.com\/index.php?rest_route=\/wp\/v2\/types\/page"}],"author":[{"embeddable":true,"href":"https:\/\/ascofafi.com\/index.php?rest_route=\/wp\/v2\/users\/1"}],"replies":[{"embeddable":true,"href":"https:\/\/ascofafi.com\/index.php?rest_route=%2Fwp%2Fv2%2Fcomments&post=1167"}],"version-history":[{"count":16,"href":"https:\/\/ascofafi.com\/index.php?rest_route=\/wp\/v2\/pages\/1167\/revisions"}],"predecessor-version":[{"id":1330,"href":"https:\/\/ascofafi.com\/index.php?rest_route=\/wp\/v2\/pages\/1167\/revisions\/1330"}],"up":[{"embeddable":true,"href":"https:\/\/ascofafi.com\/index.php?rest_route=\/wp\/v2\/pages\/279"}],"wp:attachment":[{"href":"https:\/\/ascofafi.com\/index.php?rest_route=%2Fwp%2Fv2%2Fmedia&parent=1167"}],"curies":[{"name":"wp","href":"https:\/\/api.w.org\/{rel}","templated":true}]}}