{"id":652,"date":"2022-12-16T22:49:33","date_gmt":"2022-12-16T22:49:33","guid":{"rendered":"https:\/\/ascofafi.com\/?page_id=652"},"modified":"2022-12-16T22:51:02","modified_gmt":"2022-12-16T22:51:02","slug":"instituciones-fundadoras","status":"publish","type":"page","link":"https:\/\/ascofafi.com\/?page_id=652","title":{"rendered":"Instituciones fundadoras"},"content":{"rendered":"\t\t<div data-elementor-type=\"wp-page\" data-elementor-id=\"652\" class=\"elementor elementor-652\">\n\t\t\t\t\t\t<section class=\"elementor-section elementor-top-section elementor-element elementor-element-8593315 elementor-section-boxed elementor-section-height-default elementor-section-height-default\" data-id=\"8593315\" data-element_type=\"section\" data-e-type=\"section\">\n\t\t\t\t\t\t<div class=\"elementor-container elementor-column-gap-default\">\n\t\t\t\t\t<div class=\"elementor-column elementor-col-100 elementor-top-column elementor-element elementor-element-03a6764\" data-id=\"03a6764\" data-element_type=\"column\" data-e-type=\"column\">\n\t\t\t<div class=\"elementor-widget-wrap elementor-element-populated\">\n\t\t\t\t\t\t<div class=\"elementor-element elementor-element-5aa168a elementor-widget elementor-widget-text-editor\" data-id=\"5aa168a\" data-element_type=\"widget\" data-e-type=\"widget\" data-widget_type=\"text-editor.default\">\n\t\t\t\t<div class=\"elementor-widget-container\">\n\t\t\t\t\t\t\t\t\t<p><b>Instituciones fundadoras ASCOFAFI<\/b><\/p><p><span style=\"font-weight: 400;\">La ASOCIACI\u00d3N COLOMBIANA DE FACULTADES DE FISIOTERAPIA ASCOFAFI se constituy\u00f3 el 20 de agosto de 1998, mediante el Acta de Constituci\u00f3n suscrita ante la C\u00e1mara de Comercio de Bogot\u00e1, por los directores delegados de programas fisioterapia de 9 instituciones educativas existentes en ese momento en Colombia:\u00a0<\/span><\/p><p>\u00a0<\/p><ul><li style=\"font-weight: 400;\" aria-level=\"1\"><span style=\"font-weight: 400;\">FT Javier Su\u00e1rez Casallas, Representante de la Universidad Colegio Mayor de Nuestra Se\u00f1ora de Rosario.<\/span><\/li><li style=\"font-weight: 400;\" aria-level=\"1\"><span style=\"font-weight: 400;\">Ft. Karim Alvis G\u00f3mez, representante de la Universidad Nacional de Colombia.<\/span><\/li><li style=\"font-weight: 400;\" aria-level=\"1\"><span style=\"font-weight: 400;\">Ft. Marta Sarmiento Salcedo, representante de la Corporaci\u00f3n Universitaria Iberoamericana.<\/span><\/li><li style=\"font-weight: 400;\" aria-level=\"1\"><span style=\"font-weight: 400;\">Ft. A\u00edda Mu\u00f1oz, representante de la Universidad del Valle.<\/span><\/li><li style=\"font-weight: 400;\" aria-level=\"1\"><span style=\"font-weight: 400;\">Ft. Margarita Rosales, representante de la Universidad Metropolitana.<\/span><\/li><li style=\"font-weight: 400;\" aria-level=\"1\"><span style=\"font-weight: 400;\">Diana G\u00f3mez, representante de la Universidad Aut\u00f3noma de Manizales.<\/span><\/li><li style=\"font-weight: 400;\" aria-level=\"1\"><span style=\"font-weight: 400;\">Esperanza Herrera, Universidad Industrial de Santander.<\/span><\/li><li style=\"font-weight: 400;\" aria-level=\"1\"><span style=\"font-weight: 400;\">Fundaci\u00f3n Escuela Colombiana de Rehabilitaci\u00f3n.<\/span><\/li><li style=\"font-weight: 400;\" aria-level=\"1\"><span style=\"font-weight: 400;\">Fundaci\u00f3n Universitaria Manuela Beltr\u00e1n.<\/span><\/li><\/ul>\t\t\t\t\t\t\t\t<\/div>\n\t\t\t\t<\/div>\n\t\t\t\t\t<\/div>\n\t\t<\/div>\n\t\t\t\t\t<\/div>\n\t\t<\/section>\n\t\t\t\t<\/div>\n\t\t","protected":false},"excerpt":{"rendered":"<p>Instituciones fundadoras ASCOFAFI La ASOCIACI\u00d3N COLOMBIANA DE FACULTADES DE FISIOTERAPIA ASCOFAFI se constituy\u00f3 el 20 de agosto de 1998, mediante el Acta de Constituci\u00f3n suscrita ante la C\u00e1mara de Comercio de Bogot\u00e1, por los directores delegados de programas fisioterapia de 9 instituciones educativas existentes en ese momento en Colombia:&nbsp; FT Javier Su\u00e1rez Casallas, Representante de [&hellip;]<\/p>\n","protected":false},"author":1,"featured_media":0,"parent":279,"menu_order":0,"comment_status":"closed","ping_status":"closed","template":"","meta":{"om_disable_all_campaigns":false,"_monsterinsights_skip_tracking":false,"_monsterinsights_sitenote_active":false,"_monsterinsights_sitenote_note":"","_monsterinsights_sitenote_category":0,"footnotes":""},"class_list":["post-652","page","type-page","status-publish","hentry","wpbf-post"],"aioseo_notices":[],"_links":{"self":[{"href":"https:\/\/ascofafi.com\/index.php?rest_route=\/wp\/v2\/pages\/652","targetHints":{"allow":["GET"]}}],"collection":[{"href":"https:\/\/ascofafi.com\/index.php?rest_route=\/wp\/v2\/pages"}],"about":[{"href":"https:\/\/ascofafi.com\/index.php?rest_route=\/wp\/v2\/types\/page"}],"author":[{"embeddable":true,"href":"https:\/\/ascofafi.com\/index.php?rest_route=\/wp\/v2\/users\/1"}],"replies":[{"embeddable":true,"href":"https:\/\/ascofafi.com\/index.php?rest_route=%2Fwp%2Fv2%2Fcomments&post=652"}],"version-history":[{"count":5,"href":"https:\/\/ascofafi.com\/index.php?rest_route=\/wp\/v2\/pages\/652\/revisions"}],"predecessor-version":[{"id":657,"href":"https:\/\/ascofafi.com\/index.php?rest_route=\/wp\/v2\/pages\/652\/revisions\/657"}],"up":[{"embeddable":true,"href":"https:\/\/ascofafi.com\/index.php?rest_route=\/wp\/v2\/pages\/279"}],"wp:attachment":[{"href":"https:\/\/ascofafi.com\/index.php?rest_route=%2Fwp%2Fv2%2Fmedia&parent=652"}],"curies":[{"name":"wp","href":"https:\/\/api.w.org\/{rel}","templated":true}]}}